*p + 4. Let i(n) = a(n) - 4*r(n). Give i(s).
0
Let w(r) = -2*r**2 - 2*r - 5. Let z(l) = -3*l**2 - 3*l - 6. Let v(f) = -4*w(f) + 3*z(f). Give v(-4).
-10
Let b(a) = -12*a**3 + 1 + a**3 + a - 2*a. What is b(1)?
-11
Let d(b) = -7*b**3 + 5*b**2 + 2. Let c(w) = -w**3 + w. Let s(x) = -6*c(x) + d(x). Determine s(4).
-6
Suppose 4*f + 0 = 8. Let w(j) be the third derivative of 0 + 0*j + 1/12*j**4 + 0*j**3 - 3*j**2. Determine w(f).
4
Let p = 1 - 1. Let d(o) be the first derivative of o**2/2 + 3*o - 48. What is d(p)?
3
Let l(s) = 1. Let p(w) = -5*w + 6. Let r(a) = -6*l(a) + p(a). Give r(-1).
5
Suppose -g - 14 + 16 = 0. Let n(u) be the third derivative of 0 + 1/24*u**4 + 0*u**3 - 2*u**g + 0*u + 1/15*u**5. Calculate n(-1).
3
Let g(r) = -r**2 - r. Suppose 0 = b - 3*b + 6. Let a(c) = -b*c + 10*c**2 - 3*c**2 + 8*c - 4. Let n(x) = a(x) + 6*g(x). Calculate n(-3).
8
Suppose 3*r + 12 = -3. Let c(h) = -h**3 - 4*h**2 + 6*h - 1. Determine c(r).
-6
Let k = 107 + -111. Let h(g) = -g**3 - 6*g**2 - 6*g - 5. Give h(k).
-13
Let a = -9 - -9. Let i = 1 - a. Let o(u) = -i - u**3 + u - 2*u**2 - u**3 + u**3. What is o(-3)?
5
Let y(g) be the second derivative of -g**7/840 - g**6/120 + g**5/60 + g**4/8 - g**3/2 - 8*g. Let n(m) be the second derivative of y(m). Calculate n(-3).
-3
Let q(z) = -2*z**2. Suppose -4*s + 5*n + 5 + 9 = 0, 0 = 2*s + n. What is q(s)?
-2
Suppose 0 = -16*h - 2 + 66. Let c(n) = -n**3 + 6*n**2 - 7*n + 4. Give c(h).
8
Let i(x) = 3*x + 10. Let k be i(-5). Suppose 3*f + 2*q = -2*f + 10, 2*f - 3*q - 4 = 0. Let b(m) = -f + 8 - 5*m**2 + 0*m**2 - m**3. What is b(k)?
6
Let t(k) = 2*k**2 + 6*k. Let u(y) = 2*y + 10. Let z be u(-7). Calculate t(z).
8
Let m(p) = -5*p**2 + 3. Let x(z) = 14*z**2 - 9. Let a(n) = 11*m(n) + 4*x(n). Let c(j) be the first derivative of a(j). Determine c(4).
8
Let g(o) = -o**3. Let b(q) = -q**2 - 6*q - 5. Let t be b(-6). Let a be (-2 - t - 0) + 1. Suppose 0 = -m - 3*m - a. What is g(m)?
1
Let b(v) = -v**2 + 11*v - 13. Suppose 13 = -5*m + 63. Let w be b(m). Let t(c) = c - 1. Let s(h) = 14*h - 12. Let l(y) = -s(y) + 12*t(y). What is l(w)?
6
Let h(d) = d**2 - 6*d + 6. Suppose 2*t + 18 = 3*p, 5*p - 5*t = -0*t + 35. Let k be p + 2 - (1 + 1). Suppose 9*i = k*i + 25. Calculate h(i).
1
Let p(l) = 2 + 96*l**2 + 0*l - 9*l - 99*l**2 + 3*l + l**3. Determine p(4).
-6
Let w be (3/(-6)*0)/(-2). Let n(a) = -a + 2*a**2 + a**3 + 9 + 0 - 2 - a**2. Give n(w).
7
Let z(n) = n**2 + 5*n + 5. Suppose 0 = f - 1 - 8. Let t = f - 14. Calculate z(t).
5
Let c(k) = 2 - 2*k**2 - k**2 + k + 2*k**2. Let t(a) = -4*a - 26. Let q be t(-7). What is c(q)?
0
Let y(h) = -5*h + 46. Let r(l) = l - 9. Let g(x) = -11*r(x) - 2*y(x). Let b(i) = 17*i**3 - 2*i + 1. Let t be b(1). Suppose -7*c = -11*c + t. Calculate g(c).
3
Let w(p) be the second derivative of p**6/720 + p**4/6 + p. Let h(u) be the third derivative of w(u). What is h(3)?
3
Let n(s) = s + 8. Let a be n(-7). Let v(z) = 12*z - 7. Let t(l) = 6*l - 3. Let j(x) = 9*t(x) - 4*v(x). What is j(a)?
7
Let u(m) = -m**2 + 0*m + 3*m - 4*m. Suppose -4*l - 3*s + 5*s = 4, -4*l = 2*s + 4. What is u(l)?
0
Let z(u) = 7*u**3 + 3*u**2 + 3*u + 9. Suppose 4*x - 5*r = 77, 6 = -3*r - 9. Let n(j) = 15*j**3 + 6*j**2 + 6*j + 19. Let p(o) = x*z(o) - 6*n(o). Determine p(-3).
-6
Let r be 4/12*(-18)/2. Let d(v) = -v**3 - 3*v**2 - 7*v + 5. Let p(w) = w**3 + 3*w**2 + 6*w - 4. Let u(o) = 3*d(o) + 4*p(o). What is u(r)?
-10
Let q(u) be the second derivative of -u**5/20 - u**4/4 + u**3/6 + 3*u**2/2 + u. Let o be q(-3). Let v(m) = m**2 - m - 7. What is v(o)?
-7
Let g(c) = c**3 + 7*c**2 + 4*c - 1. Suppose 4*q - 40 = 28. Let y = q - 23. What is g(y)?
11
Suppose 20 = 2*q + 2*q. Let t(k) = k - 3 - q*k - k. Let c be (1 - 1 - 0) + -2. What is t(c)?
7
Suppose -13 = 2*d - c + 2, -4*d + 4*c = 28. Let s = -4 - d. Let l(k) be the third derivative of -k**6/120 + k**5/15 + k**4/24 - 5*k**3/6 - k**2. Give l(s).
-1
Let o(b) be the third derivative of -5*b**4/24 - b**3/6 - 5*b**2. What is o(1)?
-6
Let t(l) = 2*l + 9. Let x = -46 + 39. Give t(x).
-5
Suppose -30 = 2*j - 5*j. Suppose 32 = 2*q - 3*n, -7*q + 3*q - 5*n = -20. Let g(p) = -q + j - 2*p. Give g(-1).
2
Let b(t) = 3*t + 48. Let q be b(-17). Let z(p) = 4*p + 4. Determine z(q).
-8
Let c(s) = 7*s - 2. Let w = 4 - 1. Let n(d) = w*d - 2*d - 4*d + 2*d. Let f(a) = c(a) + 6*n(a). Calculate f(5).
3
Let g(j) = 3*j**3. Suppose y - 6*o + 9 = -o, -5*y - o = 19. Let c = 20 + -15. Let u = y + c. Calculate g(u).
3
Let a(c) be the third derivative of c**4/24 + 3*c**3/2 - 9*c**2. Give a(-4).
5
Let f(q) = -5 + 5*q**3 - 4*q**3 - q**2 + 4 + 3. Give f(0).
2
Let v(r) = -r**3 - 4*r**2 - 3*r - 4. Suppose 3 = -4*s - 5. Let t be 3*-1*(-1 - s). Let u be 2*t*2/3. Calculate v(u).
8
Let i(f) be the second derivative of 0*f**2 - 1/6*f**3 + 2*f + 0. Suppose 0 = 2*g - 7*g - 25. What is i(g)?
5
Let q(h) be the first derivative of -h**2/2 - 13*h - 4. Calculate q(-10).
-3
Let v(x) be the second derivative of x**3/6 + x**2/2 - x. Suppose 0*r - 4*q - 10 = -r, -12 = 4*q. Give v(r).
-1
Suppose 2*c + 5*m - 27 = -0*c, c - 26 = -5*m. Let l(h) = 3*h**2 - c + 0*h**2 + 5*h - 3*h**3 - 3*h**3 + 5*h**3. Determine l(4).
3
Let o(i) be the first derivative of i**5/60 - i**4/3 + 5*i**3/6 - 2*i**2 - 6. Let k(y) be the second derivative of o(y). What is k(5)?
-10
Let g(y) = -y**3 - 2. Let m be g(0). Let o be 4/m*(1 + -3). Let f(n) = -1 - 1317*n + 2 + 1315*n. Determine f(o).
-7
Let k(s) be the second derivative of s**5/20 + 7*s**4/12 + s**3 - 5*s. Give k(-6).
0
Let n = 6 + -4. Let b(s) = -s - 2. Let h be b(-4). Let x(g) = g + g**h - 5 + g - 5*g + 7. What is x(n)?
0
Suppose -3*g - 20 = 4*r, 4*r + 5 = -15. Let p(m) = m**3 + m. Give p(g).
0
Let r be (-6)/9 - 17/(-3). Let c = r - 3. Let v be (-3)/9*-3 - c. Let b(p) = -8*p**2. Determine b(v).
-8
Suppose 3*q = 7*q. Suppose q = -4*t + 12. Let f(u) = -u**2 + 5*u - 1. Calculate f(t).
5
Suppose 17 = r - 3*h, 0 = 4*r + h + h - 12. Suppose -r = -4*k - 21. Let g(m) be the first derivative of -2*m**3/3 - 5*m**2/2 + 3*m - 1. Determine g(k).
-9
Suppose -24 = -4*k - 5*i, -k + 5*i - 3*i + 6 = 0. Let s(l) = -l**3 + 6*l**2 + 8. Give s(k).
8
Let y(j) = j**2 - 4*j - 5. Let h(a) = -2 - a + 3*a**2 + 3*a**2 - 5*a**2. Let i be h(2). Suppose m + 1 - 6 = i. What is y(m)?
0
Let t(r) = r**2 - 2*r - 1. Let q(f) = f**2 + 9*f - 12. Suppose 2*g + 50 = -3*g. Let u be q(g). Calculate t(u).
7
Suppose 0 = 5*h + s + 10, -2 = -h - 5*s - 28. Let a(l) = -11*l**3 + 2*l**2 - 3*l + 4*l - l**2. Give a(h).
11
Let z(y) = 2*y**2 - y**3 - 2 - 2*y**2 + 4*y**2 + 7*y. Let n(d) = -d**2 + 9*d - 9. Suppose -5*x - 1 = v - 3, 4*x + 4 = 0. Let h be n(v). Give z(h).
8
Let j(i) be the second derivative of -i**5/20 - 5*i**4/12 - 5*i**3/6 + 3*i**2/2 - i. Let t(s) = 4*s**3 + s**2 + s. Let u be t(-1). What is j(u)?
7
Let w(a) = a - 1. Let v = 53 + -48. Calculate w(v).
4
Suppose 4*x = 3*x - 9. Let v = -7 - x. Let w(n) = -7*n. Calculate w(v).
-14
Let m be 5*(-2 + 6 - 3). Let l = m + -8. Let s(x) = x**3 + 2*x**2 - x + 1. Give s(l).
-5
Let q(b) = -b + 5. Suppose 0 = 5*r - 15 - 10. Suppose -h + 2 = c, r*c + 0 = h + 28. Calculate q(c).
0
Let d(x) = -x**2 + 5*x. Let i be (-195)/6 - 3/6. Let j be i/(-55) + 17/5. What is d(j)?
4
Let l be 8/12 - 2/(-6). Let p be 0 - ((2 - 2) + l). Let j be 3/(-6)*(1 + p). Let r(t) = -t**2 - t - 5. Give r(j).
-5
Let d(v) = v**2 - 7*v + 3. Let a = 16 - 9. Let g be d(a). Let x(b) = -2*b - b**2 - b**2 + 4*b**2 - b**2. What is x(g)?
3
Let j(y) = 3*y + 5. Let s(k) be the first derivative of 4*k**2 + 15*k - 1. Let h(p) = -11*j(p) + 4*s(p). Calculate h(0).
5
Let t(q) = 14*q**2 - q. Let o be t(1). Suppose 17 = -5*d - o. Let c(m) = m**2 + 5*m - 5. Determine c(d).
1
Suppose 3*y - 5 = l + 5, 30 = 4*y + 2*l. Let r(o) = 16*o - 12. Let s(g) = -5*g + 4. Let z(a) = 3*r(a) + 10*s(a). Determine z(y).
-6
Suppose 5*b - 3*b = 4. Let a be (0/(-3) - b)*1. Let s(r) = -3*r**3 - r - 6. Let c(v) = -8*v**3 - 3*v - 17. Let k(m) = 4*c(m) - 11*s(m). Calculate k(a).
-8
Let s(c) = -c**3 + c**2 - 2*c + 2. Let m be s(0). Let d = 0 - -2. Let y(r) = -2*r**2 - r**d + 5*r + 4 + r**m. Give y(4).
-8
Suppose -d + 27 = 3*n + 5, n + d - 8 = 0. Let s(m) = m - 7. Calculate s(n).
0
Let c(s) = -48 - s**2 - 41 + 88 - s. Determine c(0).
-1
Let f(w) = 2*w - 4. Let m(k) = k + 4. Let j be m(1). Determine f(j).
6
Let s be (-